= 3*k - 2*k - 3. Let x(h) = -h + 3 - k. Suppose -u + 7*u = -4*u. Calculate x(u).
0
Let m(w) = 10*w + 11. Let u(a) = 5*a + 5. Let y(d) = -4*m(d) + 9*u(d). What is y(1)?
6
Let n(r) = -4*r**2 + 4*r - 16. Let v(k) = -3*k**2 + 2*k - 11. Let a(b) = 5*n(b) - 7*v(b). Give a(-4).
-11
Let p(d) = -d**2 + 5*d + 2. Let q(j) = -7*j**2 + 3*j**2 - 5 + 5*j**2. Let h be q(-3). What is p(h)?
6
Let x(t) = t**3 - 3*t**2 - 6*t - 5. Let h = 16 - 21. Let m(i) = i + 7. Let j be m(h). Suppose j*w + 23 = 5*w - 4*d, 3*w = -d + 13. What is x(w)?
15
Let j(y) = -y**2 + 2*y + 2. Let o be j(4). Let n(w) = w**2 + 9*w + 5. Give n(o).
-13
Let r(q) be the third derivative of q**5/60 + q**4/24 - 4*q**3/3 - 20*q**2 - 5*q. Give r(4).
12
Let c(z) = 4*z + 4*z**2 - 5 - z**2 - 411*z**3 - 414*z**3 + 3 + 823*z**3. Determine c(3).
-17
Let x(f) = f + 2. Let n(w) = -4*w - 27. Let u(q) = n(q) + 3*x(q). Calculate u(-12).
-9
Let u(q) = q + 23. Let t(n) = -n**3 - n**2. Suppose 5*w - 25 = -4*l, -2*l - 6 - 4 = -2*w. Let v be t(l). Determine u(v).
23
Let g(o) be the third derivative of -o**4/8 + o**3/2 - 41*o**2. Give g(-3).
12
Let m = 2 + 4. Let y = m - 3. Let z(r) = -r**3 + 9*r**2 + 5*r + 3. Let w(h) = -h**2 - h. Let a(q) = -6*w(q) - z(q). Determine a(y).
0
Let o(d) = 3*d. Let j(a) = 29*a + 1. Let u(m) = j(m) - 7*o(m). Give u(2).
17
Let i(p) = p**2 - p - 7. Let a be 7 + (-2 - -1 - (11 + -10)). Determine i(a).
13
Let m(h) = 14*h**2 - 1. Suppose 0 = -22*a - 9 - 13. Calculate m(a).
13
Let m(i) = i**2 + 4*i + 6. Let d be m(-4). Let o = -152 + 161. Let h = d - o. Let q(a) = -a**2 - 5*a - 4. Determine q(h).
2
Let c = 3 + 0. Suppose 43 = 5*b - p + 8, -c*b + 4*p + 21 = 0. Let x(g) be the second derivative of -g**3/3 + 3*g**2 + 2*g. What is x(b)?
-8
Let z(r) = -10*r**3 - 12*r + 26. Let u(d) = 9*d**3 - d**2 + 12*d - 25. Let g(s) = -9*u(s) - 8*z(s). Calculate g(7).
31
Let d(g) = g + 27. Let s be d(-20). Let y(v) = -7*v + 7*v + 5*v + s*v. Determine y(1).
12
Let b(d) be the third derivative of -d**4/24 + 4*d**3/3 + 37*d**2. Let j(k) = -3*k - 2. Let w be j(-3). Calculate b(w).
1
Let t(p) = 2*p - 2 + 13*p**2 + 5 - 4. Let w(o) be the third derivative of o**5/60 + o**4/24 - o**3/6 - 4*o**2. Let x(n) = t(n) - w(n). Calculate x(-1).
11
Let c(d) be the third derivative of -d**7/5040 + d**6/720 - d**5/15 + d**2. Let i(j) be the third derivative of c(j). Determine i(-2).
3
Suppose -2*a + 16 = 4*x, -a = -2*a - 5*x + 14. Let h = 0 + a. Let m(f) be the third derivative of f**4/12 - f**3/2 - 44*f**2. Calculate m(h).
5
Let u = 540 - 537. Let h(y) = 4*y + 4. Calculate h(u).
16
Let x(y) = 1. Let u(m) = -3. Let h(s) = -3*u(s) - 8*x(s). Let w(q) = -2*q + 5. Let n(c) = 3*h(c) - w(c). Let g be (-3)/(0/2 - -1). Determine n(g).
-8
Let u(i) = 2*i + 2 - i - 5. Suppose -11*m = -6*m - 10. Let t be (-4 + 2)/(m/(-4)). Give u(t).
1
Let t(l) = l**2 - 3*l - 3. Let s be -2 + 47/((-1)/(-2)*-2). Let g = s + 55. Determine t(g).
15
Let t(m) = -10*m - 6. Suppose 0 = q - 3*s + 9, -7*q = -5*q + 4*s + 8. Determine t(q).
54
Suppose 0 = -7*g - 54 + 222. Let q = 25 - g. Let c(v) = v + 1. Calculate c(q).
2
Let p be ((0 - -2)/2)/(29/(-116)). Let r(b) = b**3 + 10*b**2 + 9*b. Let d(v) = 2*v**3 + 19*v**2 + 17*v - 1. Let c(x) = 4*d(x) - 7*r(x). Give c(p).
8
Let f be -6*3/((-9)/8). Let p(x) = x - 5. Calculate p(f).
11
Let d(y) = -y**3 - y**2 + 2*y + 2. Let u be d(-2). Let i be 2 - (-1 - (1 - u)). Let t(j) = -17*j**2 + 1 - 6*j - i*j - 7 + 18*j**2. Calculate t(8).
-6
Let o(h) = -6*h - 66 + 68 - 10*h + 17*h. What is o(1)?
3
Let s(b) = 278 - 180 + 78*b - 99. What is s(1)?
77
Let d(g) = -g**2 + g - 11. Let i(k) = -35*k - 490. Let l be i(-14). Give d(l).
-11
Let a = 912 - 912. Let r(f) = f**3 - f + 11. Suppose 3*g + 12 = 0, -5*y = -4*g - 0*g - 21. Let m(q) = q**2 - q + 1. Let l(d) = y*r(d) - m(d). Give l(a).
10
Let g(n) = -9*n**2 + 14*n - 23. Let z(c) = -25*c**2 + 42*c - 70. Let o(b) = -11*g(b) + 4*z(b). What is o(11)?
6
Let t = -273 + 267. Let q(c) = 2*c**2 - 7*c + 7. Let i(n) = -n**2 + 7*n - 6. Let p(h) = 3*i(h) + 2*q(h). What is p(t)?
-10
Let l(s) be the second derivative of -s**6/180 - 7*s**5/120 + s**4/3 - 13*s**3/6 + 49*s. Let n(i) be the second derivative of l(i). Calculate n(-6).
-22
Let v(o) = 3*o + 32. Let d be v(-10). Suppose 0 = 5*p - 3*g + 44, d*p + 3*g - 16 = 3*p. Let k(q) = -q**3 - 8*q**2 - 7*q + 1. Calculate k(p).
1
Suppose r + 1 = -f, -2*f = 6*r - r + 20. Let g(h) be the first derivative of h**4/4 + 7*h**3/3 + 3*h**2 - 5*h + 2. Give g(r).
-5
Let p(b) be the third derivative of b**6/120 - b**5/10 - 3*b**4/8 + 13*b**3/6 - 177*b**2. Calculate p(7).
-1
Let o = -13 - -5. Let k = -13 - o. Let j(a) = 2*a**2 - 5*a + 4. Let c(i) = -3*i**2 + 10*i - 9. Let q(y) = -3*c(y) - 5*j(y). Calculate q(k).
7
Let r(m) = -m**2 + 13*m - 15. Let n(x) = -2*x**2 + 14*x - 15. Let i(w) = -2*n(w) + 3*r(w). Calculate i(-12).
-3
Let k be 0/((-4 - -3)*-1*1). Let z(r) = 14*r + 1. Suppose 0 = -m - 3*m - 44. Let c(s) = -5*s. Let l(p) = m*c(p) - 4*z(p). What is l(k)?
-4
Let s be (-6 + -2)*(-4 + 1). Let y = 25 - s. Let b be y - (-1)/(-2)*4. Let l(x) = -10*x - 1. Determine l(b).
9
Let p(w) be the first derivative of -3*w**2/2 - 2*w - 66. What is p(2)?
-8
Let k(w) = -11*w + 11*w + 1 - 7*w**3. Suppose -3*l + 4*j = -2 - 10, -2*l + 2*j = -8. Let v be ((-20)/(-16) - 1)*l. Calculate k(v).
-6
Let k be (12/16)/((-2)/(-8)). Suppose 0 = 6*c - k - 33. Let t(b) = 1 + 5*b - 28*b**2 - 2 + 27*b**2 - c. Give t(5).
-7
Let q(a) = -a**2 + 9*a + 7. Let t(d) be the third derivative of -d**5/60 + 5*d**4/12 + 4*d**3/3 - d**2 - 8. Let u(z) = -6*q(z) + 5*t(z). What is u(5)?
3
Let m(q) = -q + 4*q - 2 + q. Suppose 18 = 152*t - 146*t. Calculate m(t).
10
Let j(p) = -p + 1. Let q be 0*(1 - (-2)/(-4)). Suppose 4 = -3*w + 1, d + 5*w + 1 = q. Suppose -2*o - 4*i - 2 - 4 = 0, 3*i + 32 = d*o. What is j(o)?
-4
Let m(w) = w**2 - 5*w. Let s be m(5). Let u(o) be the third derivative of o**4/24 - 7*o**2. Determine u(s).
0
Suppose 3*c = -2*c + 20. Suppose 6 + 10 = -c*u. Let w(o) = 3*o**2 - 15*o + 7. Let l(a) = -2*a**2 + 8*a - 4. Let y(k) = 5*l(k) + 3*w(k). Calculate y(u).
5
Suppose 6*o = 3*o + 48. Let w = o - 13. Let n(i) be the third derivative of i**4/24 - 5*i**3/6 + i**2. What is n(w)?
-2
Let g be 1/(-4 + (-13)/(-3)). Let v(t) = g*t - 2 - 9*t + 7*t. What is v(-5)?
-7
Let r(z) be the second derivative of -z**3/3 + 2*z**2 - 17*z + 3. Give r(-3).
10
Suppose -5*m + j = 2, 6*m - 5*m - 6 = -3*j. Let g(d) = d**3 + d**2 + d - 11. Calculate g(m).
-11
Let i(p) be the third derivative of 0*p + 1/24*p**4 - 8*p**2 + 0 - 7/3*p**3. Determine i(9).
-5
Let j be (-3)/(-9) - (-69)/9. Let z(g) = j*g + g**2 - 8*g - 2*g + 3*g + 1. Calculate z(2).
7
Let b be ((-630)/441)/((-2)/(-14)). Let s(v) be the second derivative of v**3/3 + 5*v**2 + 3*v. What is s(b)?
-10
Let k(z) = z**3 - 3*z**2 - 3*z - 3. Suppose 2*c - 9 = 3*y, 4*c + 6*y = 3*y + 9. Calculate k(c).
-12
Let o(l) = -l + 2. Suppose -13 = 5*j + 12. Let m = j - -5. Calculate o(m).
2
Let x(g) be the third derivative of -g**6/120 + g**5/10 - g**4/6 + 2*g**3/3 + g**2 - 15*g. What is x(5)?
9
Let s = 31 - 17. Let d(h) = -17 + 3 - 14*h**2 + 0*h**3 - s*h - h**3. Let p be d(-13). Let a(i) = -14*i**2. Calculate a(p).
-14
Let f(r) = 3 + 8 - 24 + 21 - 2*r. Calculate f(0).
8
Let n = 33 - 38. Let l = n - -5. Let t(o) be the third derivative of o**4/24 - o**3 + 2*o**2. What is t(l)?
-6
Let c be 7*-5*(-24)/140. Let p(h) = 7*h - 1. Let o(a) = 8*a - 2. Let s(k) = c*p(k) - 5*o(k). Give s(-6).
-8
Let z(n) be the second derivative of 1/2*n**2 - 13/6*n**3 + 5*n + 0. Calculate z(1).
-12
Let h(d) = -d**2 - 8*d - 5. Suppose -15 = -3*j + 9. Suppose -j*a - 35 = -3*a. Calculate h(a).
2
Let q(w) be the second derivative of -w**4/12 + 5*w**3/2 - 10*w**2 + 2*w - 11. What is q(14)?
-6
Let b(n) = 5 - 4 + 3 - 2*n. Let y(m) = m - 1. Let r be y(-4). Give b(r).
14
Let j(n) be the third derivative of -n**4/24 - n**3/2 + 9*n**2 - n. Suppose 5*h = 15, 3 - 17 = -5*q + 2*h. Calculate j(q).
-7
Let x(d) = -3*d**2 - 19*d - 4. Let l be x(-6). Suppose 3*u + l*i - 16 = -u, -3*u = i - 10. Let q(g) = 6*g - 14*g + 7*g + 0*g**u + g**2. Give q(1).
0
Suppose -n - 4*u = -11, 5*u = -3*n + 2*n + 13. Let f(t) be the first derivative of -t - 5 - 1/2*t**2 - 3*t**n. Calculate f(-1).
-9
Let n(b) = -b - 8. Let m be n(-10). Suppose -5*p + 8 = 4*t, -5*